 + 50.
18
Evaluate 3 + (15 - -3) + -17.
4
Calculate (-10 - 2) + 156 + -151.
-7
What is 0 + (-1 - (11 - 13))?
1
Calculate (-12 - (-26 - -8)) + -1.
5
13 - 1 - (19 + (9 - -2))
-18
What is the value of 27 + (-30 - -18) + -7?
8
-41 + 38 - (-2 + (-2 - 10) + -5)
16
Evaluate 9 + (-11 - 0) - 1 - -3.
0
Calculate -5 + (-19 - -11) + (14 - 4).
-3
-16 - (-12 - (5 + 4))
5
-4 + -3 + -5 + 8 + 15
11
Calculate 11 - (7 - (12 - 8)).
8
Evaluate (-2 + 26 - (4 + -2)) + -106 + 101.
17
What is -8 - 3 - -9 - 0 - -5?
3
Calculate -11 - -7 - (4 + (1 - 7) + 3).
-5
Evaluate -27 + (24 - 34) - (-2 - 5).
-30
What is -25 + -10 + -25 + 34?
-26
Calculate (2 - -2) + 20 + -24.
0
Calculate (-4 - 15) + 51 + -45.
-13
What is 20 - (28 + -17) - 7?
2
(-62 - -46) + -1 + 1
-16
Calculate -33 + 12 + -15 - -73.
37
What is -6 - (1 - -3 - (-16 + 16))?
-10
Evaluate (-8 - -9) + (1 - -9) - 5.
6
Evaluate 2 + -20 - (5 - 22).
-1
(20 - (24 - -10)) + 10
-4
What is the value of 2 + -1 + 26 + (-922 - -912)?
17
Evaluate 38 - (-14 + (0 - -22) + -4).
34
Calculate -3 + (5 - (-3 + 13)) + -16.
-24
What is the value of (-35 + 7 - (-5 + -12)) + (38 - 1)?
26
What is -1 + -5 - (16 + (-7 + 10 - 11))?
-14
Calculate -25 + 16 - (-9 - (-20 - -18)).
-2
Evaluate (8 - 8 - (-5 - -1)) + -192 + 176.
-12
What is the value of 10 + -7 + (7 - 6) + (-1 - 0)?
3
What is the value of 0 - ((-2 - 0) + 3) - 2?
-3
Evaluate 6 + (70 + -35 - 12).
29
What is the value of (-11 - -12) + (-9 - -8)?
0
Calculate -3 + (-5 - -3) + 4 + 1 - 13.
-13
What is -2 + (-13 + 11 + 1 - -7)?
4
20 + -1 + 3 - (1 - (-7 + 2))
16
Calculate 9 + (9 - (-4 + -3 + 7)).
18
Evaluate 8 - 19 - -5 - -22.
16
Calculate -11 + (4 + -2 - (-27 - -24)).
-6
(22 - 30 - (2 + -5)) + -2
-7
Calculate 19 + (-1 - 10 - (-10 + 7)).
11
Evaluate -16 - 1 - (-84 + 77).
-10
Calculate -8 + -3 + 10 + 0 + 6 - -1.
6
Evaluate 0 - 1 - (-3 + (-22 - -23)).
1
Evaluate 10 - (12 + 7) - (-1 + -1).
-7
25 - (0 - (-17 - -2))
10
What is -2 + (-18 - (2 + -17))?
-5
What is the value of -7 + -17 - -25 - (1 + -14)?
14
Evaluate 22 + -2 - -2 - (-28 + 2 + 28).
20
What is the value of -17 - (-18 + -15 + 2)?
14
Calculate 4 - (-10 - -17) - 7 - (2 - 12).
0
Evaluate (-3 + -3 + 12 - 2) + -1.
3
What is the value of (-17 - (-21 + 4)) + 17?
17
Calculate -6 + 0 - (37 + -43 + 9).
-9
Calculate 7 - (6 - (-1 + (10 - 3))).
7
(-10 - (-14 - -7)) + 16
13
(-15 - -10) + -16 + 39 + -34
-16
Calculate 7 + 26 - (14 - 8) - -5.
32
What is the value of -16 + 17 + -7 + 16?
10
-3 + -3 + (-7 - 16)
-29
What is 8 + 3 + 3 + -1 + (21 - 24)?
10
Calculate -7 + 12 + -1 + -12 + -1.
-9
Evaluate -11 + -14 + 2 + 13 + -11.
-21
Evaluate (47 - 13) + -27 + 9.
16
Calculate (2 - -3 - (5 - 7)) + 1.
8
What is the value of -1 + 10 + -18 - -3?
-6
What is -20 + (10 - -1) - (0 - -3) - 9?
-21
Calculate -45 + 40 + -27 + 5.
-27
What is the value of 2 + -1 + -4 - (-2 + (-2 - 17))?
18
Evaluate (-4 - (-19 - -5) - 11) + 0.
-1
What is 8 - 6 - (-6 + 3) - (-1 + -1)?
7
12 + (22 - 15) - 23
-4
What is 34 + 0 + 1 - 4 - (-1 + 4)?
28
What is -11 + (-13 - -2 - -6) - -8?
-8
What is 2 - 16 - (32 + -36)?
-10
-3 + 8 + -5 + (-2 - -1) + -21
-22
What is (-11 - -3) + (5 - 5)?
-8
What is -36 + 64 + -31 + 9?
6
Calculate (-18 - (-3 - 21)) + -7.
-1
What is -1 - (-1 + (12 - (-3 - -6))) - 0?
-9
Evaluate -12 - (2 + 6 + -7).
-13
Evaluate 1 + -1 + 15 + -18 + -9.
-12
Calculate 1 + -10 - (-20 - (-57 - -38)).
-8
Calculate -20 + -1 + 1332 + -1336.
-25
Calculate 14 + (-9 + 6 + 1 - 2).
10
What is the value of 9 + (12 - 33) - 0 - (5 + 1)?
-18
What is 26 - (-8 - (-2 - 20))?
12
-3 - -2 - (-5 + 1 + 0)
3
Calculate -1 + -3 - -2 - (-14 - (-1 + -8)).
3
What is -8 + (4 - (0 + -12))?
8
What is the value of 130 + -50 + -77 - (1 + -1 + 0)?
3
What is the value of (-14 - (0 - 6)) + 0 + 0 + 7?
-1
Evaluate (-13 - (19 + -12)) + 20 - (-1 + -28).
29
What is the value of -4 + 4 + 2 + -2 + -17 + 4?
-13
What is -11 - 8 - (-31 - -26)?
-14
Evaluate 1 - (-13 - -22) - -10.
2
What is -29 + 1 - (1 + (-48 - -42))?
-23
(17 + -69 - -30) + 57
35
Calculate (5 - 7) + 15 - (-2 + 8).
7
Calculate -7 + 6 - 3 - -5 - -2 - 16.
-13
(-126 - -104 - (-15 + -1)) + (0 - -18)
12
(1 - 22 - -16) + (2 - -1)
-2
Evaluate 38 - 44 - (2 - 0 - -7).
-15
Evaluate 3 - -18 - (15 - 23 - -14).
15
What is the value of 29 + (0 - (-12 + 39))?
2
What is -2 + 3 + 4 + -3 + 6?
8
Calculate 9 + -1 - (14 - 9 - 5).
8
What is the value of 0 + 11 + (51 - (33 - -15))?
14
What is the value of 27 + 0 + 16 + -17 - 7?
19
What is 256 + -247 - ((-2 - -10) + -3)?
4
Calculate -4 - (-1 - (24 - 12) - -31).
-22
What is -14 - (-36 + (10 - 3) + 5)?
10
-3 - (-1 - 8 - (14 + 18 + -34))
4
What is -2 + 7 + -14 - (11 + -41)?
21
Evaluate 20 + 11 + (-23 - (-25 + 12)).
21
Evaluate 16 - (9 + 21) - -31.
17
Evaluate -1 - (9 + (16 - (13 + -1))).
-14
What is -231 + 213 - ((-24 - -5) + 3)?
-2
Evaluate -4 + (27 - 16 - 9 - (1 + 5)).
-8
Evaluate 12 - (2 - (-6 + (0 - -2))).
6
What is -1 + (-2 - 5) - -18 - 2?
8
Evaluate -14 - (12 + -18 - 17).
9
What is the value of -9 - -13 - (-2 + 0 + 5)?
1
What is (6 - 30) + (-5 - (-5 - 19 - -11))?
-16
Evaluate ((-4 - -14) + -7 - -2) + -15 - -5.
-5
What is 0 + 7 - (9 - (12 + 1 + -14))?
-3
Evaluate (-3 - 0) + (2 + 9 - (58 + -35)).
-15
What is the value of (11 - 48 - -21) + 24?
8
Calculate -7 - (28 + (-23 + 14 - -4)).
-30
What is the value of 15 + 0 - (57 - 56)?
14
What is (-2 - -3) + (-5 - (-2 + 0))?
-2
Calculate (17 - (4 + -2)) + (-2 - -2) + -9.
6
What is the value of (-17 - (-25 + 12)) + 13?
9
Evaluate (6 - 3) + (4 - -1).
8
31 + -3 + (0 - 8 - 0) + 8
28
1 + (-4 - -36) - (-23 + 35)
21
What is the value of -46 - (-31 + (-9 - -5) + 19)?
-30
-10 + 17 + 1 - (0 - -4) - 3
1
What is (-23 - -4) + 11 + -3?
-11
What is the value of (-12 - -2) + 4 - -9?
3
What is the value of (5 + 13 - 13 - -7) + -1?
11
Evaluate (3 - (5 + -3 + 4)) + 1 + 11.
9
What is (0 - ((-2 - 1) + 6)) + 10 + -12?
-5
Evaluate -29 - ((7 - -5) + 5 + -7 + -7).
-32
Calculate -2 - (0 - (-9 + 8)).
-3
What is -2 + 12 + (-73 - -50)?
-13
(0 - (6 + -2 - 2)) + -18 + 18
-2
What is -4 + 4 - (-15 + 19)?
-4
What is the value of -1 + 3 + 1 + (-39 - (-48 + 1))?
11
Calculate 0 + (7 - (-8 - 2)) - (12 + -11).
16
Calculate (4 - 19) + -169 + 151.
-33
What is -5 + 10 - (-7 + 0)?
12
-9 + (5 + 1 + -2 - -2)
-3
-1 + 6 - (-236 - -245)
-4
12 + (-21 - -13) - -3
7
What is the value of (-4 - 18) + 30 - (-2 + 2)?
8
Evaluate 25 - (37 - -24 - 30).
-6
What is the value of 0 - (8 - 13) - (-18 + 29)?
-6
Calculate 8 - (15 - (17 + 12) - -35).
-13
What is (-2 - (13 - 40)) + -12 + -1?
12
Calculate (26 - (-40 - -34)) + -18.
14
What is the value of 1 - 25 - (-26 + (32 - 13))?
-17
What is the value of 6 - (-30 - -18) - 12?
6
What is (-1 - 31) + -1 + -1 + -485 + 493?
-26
What is -2 - -2 - (10 + 5 + -8)?
-7
Calculate 1 + 8 + (9 - (-1 - 4)) - 6.
17
What is the value of -4 + 12 + -7 - (-9 + 2)?
8
Evaluate -2 + 4 - -4 - (7 - 11).
10
(-6 - 4) + 59 + -33
16
Calculate 1 - ((-9 - (-6 - -2) - -15) + -4).
-5
What is -30 + 11 + -15 + 9 + 8?
-17
What is -3 - -8 - (5 + -8) - 19?
-11
What is the value of 10 + (4 - (1 + 9))?
4
Evaluate -8 + 12 + (-20 - -28).
12
What is 331 - 358 - (7 - -1)?
-35
What is (11 - 33) + -10 + 27?
-5
Evaluate -21 - -26 - 11 - 10.
-16
22 - ((3 - 1) + -5 + 6)
19
Calculate -1 - 19 - (392 - 400) - (-2 - 8).
-2
What is (-30 + -14 - -80) + -31?
5
What is the value of 33 + (-8 + 6 - 16)?
15
Calculate -79 + 43 + 20 - -9.
-7
What is the value of 6 - (-41 + 24) - (11 - -2)?
10
-14 + 24 - (-14 - -1)
23
(-6 - (3 - 7)) + (5 - 0) - 2
1
What is the value of -9 - (-10 - 1) - 16?
-14
What is -11 - 0 - ((255 - 297) + -2 + -1)?
34
What is 10 - -2 - (-18 - (-8 - 12))?
10
What is 31 - 17 - 0 - -1?
15
Evaluate 31 + (-3 - -5) + (4 - 2 - 9).
26
What is -40 - -53 - (25 + 0)?
-12
What is 3 - (0 + 0) - 1 - (1 - 1)?
2
Calculate 26 - (-2 + 9 - -18).
1
What is (6 - 0) + (-94 - -107)?
19
What is -9 - (8 - 15) - (-3 - -1 - -3)?
-3
Calculate (164 - 162) + -2 + -2 + -5.
-7
What is the value of (0 - 0 - -3 - (-249 + 273)) + 5?
-16
Evaluate 44 + -39 + (-4 - -10) + 1 + -1.
11
Evaluate 10 + 0 + -141 + 133.
2
-13 + 5 + -4 + (22 - 33)
-23
Calculate 2 - -29 - 39 - 7.
-15
Evaluate -16 + 17 + 3 + 3.
7
What is the value of 112 + -112 - (1 + 2 - -2) - -5?
0
Calculate (-7 + 9 - 3) + -8 + 4 + -3.
-8
Evaluate (2 - -6 - 24) + 1.
-15
Evaluate -16 - 0 - (6 + -4 - (29 - 20)).
-9
What is the value of (7 - 